{"id":934,"date":"2024-05-08T14:33:11","date_gmt":"2024-05-08T18:33:11","guid":{"rendered":"https:\/\/julesverne.swlauriersb.qc.ca\/cafeteria\/"},"modified":"2026-08-24T12:44:19","modified_gmt":"2026-08-24T16:44:19","slug":"cafeteria","status":"publish","type":"page","link":"https:\/\/julesverne.swlauriersb.qc.ca\/fr\/services\/cafeteria\/","title":{"rendered":"Caf\u00e9t\u00e9ria"},"content":{"rendered":"\n<p>Nous sommes heureux de vous annoncer que <strong>Les Trois Traiteurs<\/strong> offrira \u00e0 nouveau le service de repas chauds cette ann\u00e9e.  Le service de repas chauds \u00e0 l&#8217;\u00e9cole primaire Jules Verne d\u00e9butera le lundi, 31 ao\u00fbt 2026.<\/p>\n\n\n\n<p><strong><em>Veuillez noter que les ustensiles ne sont pas fournis par le traiteur.  Nous vous demandons donc de vous assurer que votre enfant ait en tout temps un ensemble d&#8217;ustensiles dans sa bo\u00eete \u00e0 lunch.<\/em><\/strong><\/p>\n\n\n\n<div class=\"wp-block-buttons is-layout-flex wp-block-buttons-is-layout-flex\">\n<div class=\"wp-block-button\"><a class=\"wp-block-button__link has-teal-500-background-color has-background has-text-align-left wp-element-button\" href=\"https:\/\/julesverne.swlauriersb.qc.ca\/wp-content\/uploads\/sites\/35\/2026\/08\/Les-Trois-Traiteurs-Catering-Service-Welcome-Letter-Jules-Verne.pdf\">Veuillez cliquer ici pour consulter la lettre de bienvenue et les renseignements relatifs aux commandes pour l&#8217;ann\u00e9e scolaire 2026-2027.<i class=\"icon-arrow-left\"><\/i><\/a><\/div>\n<\/div>\n\n\n\n<p>Pour toute question, veuillez contacter:<\/p>\n\n\n\n<ul>\n<li>Courriel: info@lestroistraiteurs.com<\/li>\n\n\n\n<li>T\u00e9l\u00e9phone: (514) 307-0440<\/li>\n<\/ul>\n\n\n\n<p><\/p>\n","protected":false},"excerpt":{"rendered":"<p>Nous sommes heureux de vous annoncer que Les Trois Traiteurs offrira \u00e0 nouveau le service de repas chauds cette ann\u00e9e. Le service de repas chauds \u00e0 l&#8217;\u00e9cole primaire Jules Verne d\u00e9butera le lundi, 31 ao\u00fbt 2026. Veuillez noter que les ustensiles ne sont pas fournis par le traiteur. Nous vous demandons donc de vous assurer&hellip;<\/p>\n","protected":false},"author":1,"featured_media":0,"parent":939,"menu_order":0,"comment_status":"closed","ping_status":"closed","template":"","meta":{"_acf_changed":false,"_relevanssi_hide_post":"","_relevanssi_hide_content":"","_relevanssi_pin_for_all":"","_relevanssi_pin_keywords":"","_relevanssi_unpin_keywords":"","_relevanssi_related_keywords":"","_relevanssi_related_include_ids":"","_relevanssi_related_exclude_ids":"","_relevanssi_related_no_append":"","_relevanssi_related_not_related":"","_relevanssi_related_posts":"","_relevanssi_noindex_reason":"","footnotes":""},"acf":[],"_links":{"self":[{"href":"https:\/\/julesverne.swlauriersb.qc.ca\/fr\/wp-json\/wp\/v2\/pages\/934"}],"collection":[{"href":"https:\/\/julesverne.swlauriersb.qc.ca\/fr\/wp-json\/wp\/v2\/pages"}],"about":[{"href":"https:\/\/julesverne.swlauriersb.qc.ca\/fr\/wp-json\/wp\/v2\/types\/page"}],"author":[{"embeddable":true,"href":"https:\/\/julesverne.swlauriersb.qc.ca\/fr\/wp-json\/wp\/v2\/users\/1"}],"replies":[{"embeddable":true,"href":"https:\/\/julesverne.swlauriersb.qc.ca\/fr\/wp-json\/wp\/v2\/comments?post=934"}],"version-history":[{"count":7,"href":"https:\/\/julesverne.swlauriersb.qc.ca\/fr\/wp-json\/wp\/v2\/pages\/934\/revisions"}],"predecessor-version":[{"id":2555,"href":"https:\/\/julesverne.swlauriersb.qc.ca\/fr\/wp-json\/wp\/v2\/pages\/934\/revisions\/2555"}],"up":[{"embeddable":true,"href":"https:\/\/julesverne.swlauriersb.qc.ca\/fr\/wp-json\/wp\/v2\/pages\/939"}],"wp:attachment":[{"href":"https:\/\/julesverne.swlauriersb.qc.ca\/fr\/wp-json\/wp\/v2\/media?parent=934"}],"curies":[{"name":"wp","href":"https:\/\/api.w.org\/{rel}","templated":true}]}}

Cafétéria

<p>Nous sommes heureux de vous annoncer que <strong>Les Trois Traiteurs</strong> offrira à nouveau le service de repas chauds cette année.  Le service de repas chauds à l&#8217;école primaire Jules Verne débutera le lundi, 31 août 2026.</p>



<p><strong><em>Veuillez noter que les ustensiles ne sont pas fournis par le traiteur.  Nous vous demandons donc de vous assurer que votre enfant ait en tout temps un ensemble d&#8217;ustensiles dans sa boîte à lunch.</em></strong></p>



<div class="wp-block-buttons is-layout-flex wp-block-buttons-is-layout-flex">
<div class="wp-block-button"><a class="wp-block-button__link has-teal-500-background-color has-background has-text-align-left wp-element-button" href="https://julesverne.swlauriersb.qc.ca/wp-content/uploads/sites/35/2026/08/Les-Trois-Traiteurs-Catering-Service-Welcome-Letter-Jules-Verne.pdf">Veuillez cliquer ici pour consulter la lettre de bienvenue et les renseignements relatifs aux commandes pour l&#8217;année scolaire 2026-2027.<i class="icon-arrow-left"></i></a></div>
</div>



<p>Pour toute question, veuillez contacter:</p>



<ul>
<li>Courriel: info@lestroistraiteurs.com</li>



<li>Téléphone: (514) 307-0440</li>
</ul>



<p></p>

<p>Nous sommes heureux de vous annoncer que Les Trois Traiteurs offrira à nouveau le service de repas chauds cette année. Le service de repas chauds à l&#8217;école primaire Jules Verne débutera le lundi, 31 août 2026. Veuillez noter que les ustensiles ne sont pas fournis par le traiteur. Nous vous demandons donc de vous assurer&hellip;</p>
